{"id":1484,"date":"2013-06-27T08:30:45","date_gmt":"2013-06-27T08:30:45","guid":{"rendered":"http:\/\/cpulohn.net\/wordpress\/?page_id=1484"},"modified":"2013-06-27T10:02:04","modified_gmt":"2013-06-27T10:02:04","slug":"entwicklung","status":"publish","type":"page","link":"https:\/\/cpulohn.at\/wordpress\/?page_id=1484","title":{"rendered":"Entwicklung"},"content":{"rendered":"Die komplette Software Entwicklung von <span style=\"color: #716fb3;\">cpu<\/span>lohn<span style=\"font-size: 8pt;\"><sup>\u00ae<\/sup><\/span>-Produkten wird ausschlie\u00dflich im Unternehmen unter Ber\u00fccksichtigung aktuellester Technologien und Entwicklungsmethoden durchgef\u00fchrt.\r\n\r\nFolgende Tools werden von CPU zur Softwareentwicklung verwendet:<br>\r\n<ul>\r\n<li>Microsoft Visual Studio 2012 .net mit C# C++\r\n<li>Microsoft SQL Server\r\n<li>DevExpress UI Controls, Reporting\r\n<li>Telerik.Net UI Controls\r\n<\/ul>\r\n\r\n\r\n\n<div id=\"slideset-1498-69e5e48cb71f0\" class=\"wk-slideset wk-slideset-default\" data-widgetkit=\"slideset\" data-options='{\"style\":\"default\",\"width\":\"auto\",\"height\":200,\"effect\":\"slide\",\"index\":0,\"autoplay\":1,\"interval\":5000,\"items_per_set\":4,\"navigation\":0,\"buttons\":0,\"title\":0,\"duration\":300}'>\n\t<div>\n\t\t<div class=\"sets\">\n\t\t\t\t\t\t\t<ul class=\"set\">\n\t\t\t\t\t\t\t\t\t\t\t\t\t\t\t<li>\n\t\t\t\t\t\t<article class=\"wk-content\"><a href=\"http:\/\/cpulohn.net\/wordpress\/wp-content\/uploads\/2013\/06\/visualstudio.png\"><br \/><img loading=\"lazy\" decoding=\"async\" src=\"http:\/\/cpulohn.net\/wordpress\/wp-content\/uploads\/2013\/06\/visualstudio.png\" alt=\"visualstudio\" width=\"455\" height=\"80\" class=\"size-full wp-image-1501 alignleft\" \/><\/a><\/article>\n\t\t\t\t\t\t\t\t\t\t\t<\/li>\n\t\t\t\t\t\t\t\t\t\t\t\t\t\t\t<li>\n\t\t\t\t\t\t<article class=\"wk-content\"><p><a href=\"http:\/\/cpulohn.net\/wordpress\/wp-content\/uploads\/2013\/06\/SQL-Server.png\"><img loading=\"lazy\" decoding=\"async\" src=\"http:\/\/cpulohn.net\/wordpress\/wp-content\/uploads\/2013\/06\/SQL-Server-300x106.png\" alt=\"SQL Server\" width=\"300\" height=\"106\" class=\"size-medium wp-image-1499 alignleft\" srcset=\"https:\/\/cpulohn.at\/wordpress\/wp-content\/uploads\/2013\/06\/SQL-Server-300x106.png 300w, https:\/\/cpulohn.at\/wordpress\/wp-content\/uploads\/2013\/06\/SQL-Server.png 480w\" sizes=\"auto, (max-width: 300px) 100vw, 300px\" \/><\/a><\/p><\/article>\n\t\t\t\t\t\t\t\t\t\t\t<\/li>\n\t\t\t\t\t\t\t\t\t\t\t\t\t\t\t<li>\n\t\t\t\t\t\t<article class=\"wk-content\"><p><a href=\"http:\/\/cpulohn.net\/wordpress\/wp-content\/uploads\/2013\/06\/Devexpress.png\"><img loading=\"lazy\" decoding=\"async\" src=\"http:\/\/cpulohn.net\/wordpress\/wp-content\/uploads\/2013\/06\/Devexpress.png\" alt=\"Devexpress\" width=\"402\" height=\"110\" class=\"size-full wp-image-1502 alignleft\" \/><\/a><\/p><\/article>\n\t\t\t\t\t\t\t\t\t\t\t<\/li>\n\t\t\t\t\t\t\t\t\t\t\t\t\t\t\t<li>\n\t\t\t\t\t\t<article class=\"wk-content\"><p><a href=\"http:\/\/cpulohn.net\/wordpress\/wp-content\/uploads\/2013\/06\/Telerik.png\"><img loading=\"lazy\" decoding=\"async\" src=\"http:\/\/cpulohn.net\/wordpress\/wp-content\/uploads\/2013\/06\/Telerik-300x110.png\" alt=\"Telerik\" width=\"300\" height=\"110\" class=\"size-medium wp-image-1500 alignleft\" srcset=\"https:\/\/cpulohn.at\/wordpress\/wp-content\/uploads\/2013\/06\/Telerik-300x110.png 300w, https:\/\/cpulohn.at\/wordpress\/wp-content\/uploads\/2013\/06\/Telerik.png 677w\" sizes=\"auto, (max-width: 300px) 100vw, 300px\" \/><\/a><\/p><\/article>\n\t\t\t\t\t\t\t\t\t\t\t<\/li>\n\t\t\t\t\t\t\t\t\t<\/ul>\n\t\t\t\t\t\t\t\t\t<\/div>\n\t\t\t<\/div>\n\t<\/div>","protected":false},"excerpt":{"rendered":"<p>Die komplette Software Entwicklung von cpulohn\u00ae-Produkten wird ausschlie\u00dflich im Unternehmen unter Ber\u00fccksichtigung aktuellester Technologien und Entwicklungsmethoden durchgef\u00fchrt. Folgende Tools werden von CPU zur Softwareentwicklung verwendet: Microsoft Visual Studio 2012 .net mit C# C++ Microsoft SQL Server DevExpress UI Controls, Reporting Telerik.Net UI Controls<\/p>\n","protected":false},"author":1,"featured_media":0,"parent":0,"menu_order":0,"comment_status":"closed","ping_status":"open","template":"","meta":{"footnotes":""},"tags":[],"class_list":["post-1484","page","type-page","status-publish","hentry"],"_links":{"self":[{"href":"https:\/\/cpulohn.at\/wordpress\/index.php?rest_route=\/wp\/v2\/pages\/1484","targetHints":{"allow":["GET"]}}],"collection":[{"href":"https:\/\/cpulohn.at\/wordpress\/index.php?rest_route=\/wp\/v2\/pages"}],"about":[{"href":"https:\/\/cpulohn.at\/wordpress\/index.php?rest_route=\/wp\/v2\/types\/page"}],"author":[{"embeddable":true,"href":"https:\/\/cpulohn.at\/wordpress\/index.php?rest_route=\/wp\/v2\/users\/1"}],"replies":[{"embeddable":true,"href":"https:\/\/cpulohn.at\/wordpress\/index.php?rest_route=%2Fwp%2Fv2%2Fcomments&post=1484"}],"version-history":[{"count":16,"href":"https:\/\/cpulohn.at\/wordpress\/index.php?rest_route=\/wp\/v2\/pages\/1484\/revisions"}],"predecessor-version":[{"id":1506,"href":"https:\/\/cpulohn.at\/wordpress\/index.php?rest_route=\/wp\/v2\/pages\/1484\/revisions\/1506"}],"wp:attachment":[{"href":"https:\/\/cpulohn.at\/wordpress\/index.php?rest_route=%2Fwp%2Fv2%2Fmedia&parent=1484"}],"wp:term":[{"taxonomy":"post_tag","embeddable":true,"href":"https:\/\/cpulohn.at\/wordpress\/index.php?rest_route=%2Fwp%2Fv2%2Ftags&post=1484"}],"curies":[{"name":"wp","href":"https:\/\/api.w.org\/{rel}","templated":true}]}}